.
-4332
What is 2243645 (base 8) in base 15?
c02e5
-1201265 (base 7) to base 5
-14324001
12552135 (base 6) to base 11
26696a
What is 1011101011011111000111 (base 2) in base 10?
3061703
2270e (base 15) to base 2
11010110000010101
Convert ab55b (base 13) to base 8.
1136652
20b917 (base 15) to base 7
16146022
-81ced8 (base 16) to base 7
-132211013
Convert -33461612 (base 7) to base 12.
-b81768
What is 5b7e8a (base 16) in base 8?
26677212
-212234 (base 9) to base 3
-20102021011
111100101111010101 (base 2) to base 15
4daae
What is 1111010000000000101 (base 2) in base 9?
841431
What is 575036 (base 8) in base 9?
326560
What is 100011111010100010 (base 2) in base 3?
21110210101
Convert -40201445 (base 6) to base 16.
-115445
What is 10dc7 (base 16) in base 5?
4202223
What is 385b7 (base 16) in base 14?
601a7
What is -32eefb (base 16) in base 9?
-6246755
1903704 (base 10) to base 5
441404304
2214140121 (base 5) to base 11
2801771
Convert 1423536 (base 7) to base 4.
232220010
Convert -55629 (base 11) to base 6.
-1421121
Convert 1310131313 (base 5) to base 2.
1100001111010010001101
5a2d (base 16) to base 2
101101000101101
1139a (base 15) to base 5
3223240
Convert -323962 (base 10) to base 8.
-1170572
Convert 21013221211 (base 4) to base 15.
323504
17418a (base 15) to base 9
2107704
120365 (base 9) to base 14
1c5a9
What is -221344343 (base 5) in base 8?
-3535736
Convert 35737 (base 15) to base 3.
22122201021
What is 324111203 (base 5) in base 8?
5243571
-308ae0 (base 15) to base 5
-1042320320
Convert -de9bc6 (base 15) to base 14.
-15a3d49
1410331 (base 5) to base 3
1110120012
What is -11110101000100110 (base 2) in base 15?
-272a3
What is -798690 (base 10) in base 13?
-21c6c9
Convert 76281 (base 13) to base 3.
101211221100
Convert -b2176 (base 15) to base 4.
-2021223321
Convert -6d6 (base 15) to base 4.
-120033
What is -12e5e (base 16) in base 13?
-29304
5833a (base 16) to base 14
95934
What is -1220103012 (base 4) in base 15?
-868a6
37807a (base 11) to base 4
2101212113
What is -130003123 (base 4) in base 2?
-11100000011011011
62392 (base 11) to base 10
90972
Convert -14552512 (base 7) to base 3.
-2121200020221
Convert -1f0600 (base 16) to base 8.
-7603000
Convert 197403 (base 11) to base 7.
2400200
2128705 (base 9) to base 2
100010110101011010001
Convert -eec3f (base 16) to base 10.
-977983
Convert 5612031 (base 8) to base 10.
1512473
Convert 3642a44 (base 13) to base 15.
1726399
113442221 (base 5) to base 13
157883
What is 673a0 (base 14) in base 15?
4e307
Convert 11315643 (base 7) to base 6.
33203210
What is 199e07 (base 15) in base 12?
502644
What is -210201410 (base 5) in base 16?
-d363f
Convert -338a2 (base 14) to base 12.
-60546
Convert -1dc5b (base 15) to base 7.
-553430
Convert -7329a2 (base 12) to base 9.
-3356315
121421 (base 9) to base 13
27451
-3670541 (base 9) to base 8
-7470352
What is 1130153 (base 8) in base 15?
610c2
Convert 752410 (base 10) to base 9.
1366101
What is 34067752 (base 8) in base 15?
9a84a7
What is 1001011110110011101010 (base 2) in base 7?
30061206
What is -2301886 (base 14) in base 7?
-261515626
What is 521a6 (base 13) in base 7?
1153020
e4d08 (base 15) to base 4
2301002333
78021 (base 9) to base 16
ca42
Convert 167e2a (base 16) to base 11.
917562
What is -25023d (base 16) in base 13?
-66bc68
-11142454 (base 9) to base 12
-1985a7a
-110100000100111000 (base 2) to base 12
-a3534
Convert -1078c8 (base 14) to base 8.
-2103270
-185989 (base 14) to base 2
-11010010001001010101
-11001210122112 (base 3) to base 9
-4053575
Convert 122110 (base 5) to base 9.
6342
1000001011010101011 (base 2) to base 8
1013253
-5167131 (base 9) to base 14
-51c1c4
What is 4022456 (base 8) in base 14?
1d7862
-12324112 (base 5) to base 15
-25aa7
What is 2031132203 (base 5) in base 3?
21211102120121
What is -21198b (base 12) in base 15?
-a47db
ab457 (base 13) to base 8
1136375
What is a19a11 (base 12) in base 8?
11505555
28404 (base 13) to base 5
4403003
-101101111100100101100 (base 2) to base 15
-1eb170
-6455d (base 15) to base 16
-4dbff
What is 4665327 (base 8) in base 12?
514507
What is -11469b0 (base 13) in base 3?
-101000122112102
What is -10364314 (base 8) in base 16?
-21e8cc
Convert 120a836 (base 11) to base 3.
10222002121100
What is 225427a (base 11) in base 9?
7371233
What is -4021305 (base 6) in base 12?
-91835
What is -11965 (base 14) in base 6?
-531045
What is 38cb04 (base 15) in base 3?
12010111111211
What is 93b0d (base 14) in base 2?
1010110111100110001
What is 1969d (base 16) in base 15?
20c98
What is -1424021131 (base 5) in base 2?
-1110010000000011101111
Convert 234732 (base 9) to base 11.
97179
What is -13543313 (base 7) in base 13?
-356876
-3033233032 (base 4) to base 16
-cfbce
Convert -f60a5 (base 16) to base 8.
-3660245
What is b68f1 (base 16) in base 7?
6233030
Convert -154862 (base 9) to base 15.
-1d44e
Convert 22230115 (base 8) to base 3.
100000200112220
Convert 101000110100001100111001 (base 2) to base 10.
10699577
What is 15757506 (base 9) in base 16?
786b7c
What is -255635663 (base 7) in base 10?
-16345661
1340243440 (base 5) to base 6
201513053
-60523136 (base 7) to base 3
-100110121111202
What is -22832 (base 10) in base 12?
-11268
Convert -1307153 (base 8) to base 7.
-3044426
What is -101022 (base 6) in base 2?
-1111101000110
Convert -1646309 (base 10) to base 4.
-12101323211
-243086 (base 10) to base 9
-410405
-30ac2 (base 13) to base 14
-23c83
What is 5926d (base 15) in base 11?
184460
Convert 232312 (base 6) to base 3.
1000102022
Convert -30330543 (base 6) to base 7.
-10241241
What is 204300 (base 8) in base 10?
67776
1796088 (base 12) to base 3
100021012200212
c41f0 (base 16) to base 9
1453838
187aaa (base 16) to base 10
1604266
What is -152122 (base 8) in base 15?
-11189
What is 11110011110101011001001 (base 2) in base 13?
18699b5
Convert -10222101201111 (base 3) to base 16.
-204169
Convert 105a8b (base 13) to base 15.
78c08
Convert -895b5 (base 15) to base 11.
-279093
Convert 11110011011110101101 (base 2) to base 15.
14a763
Convert 8b7283 (base 14) to base 3.
22221001202102
2df58 (base 16) to base 5
22010443
4306513 (base 7) to base 4
1333301002
-593039 (base 10) to base 2
-10010000110010001111
What is 10111101011101111000000 (base 2) in base 13?
1394b4c
What is 3424422410 (base 5) in base 16?
74cd4a
What is 4344422 (base 7) in base 8?
2017355
Convert -62d178 (base 15) to base 14.
-8a5649
What is 216e9 (base 15) in base 9?
171603
Convert -1c994b (base 13) to base 10.
-735382
-24216 (base 10) to base 6
-304040
6014126 (base 8) to base 2
110000001100001010110
What is -1517657 (base 8) in base 4?
-1221332233
Convert -2858076 (base 12) to base 7.
-125452326
Convert b478 (base 14) to base 5.
1443244
Convert -1110221 (base 5) to base 13.
-8b01
Convert -2003022012 (base 4) to base 2.
-10000011001010000110
1670 (base 10) to base 3
2021212
What is -49dbda (base 15) in base 12?
-1228514
What is 159c93 (base 13) in base 11?
3367a0
Convert -1b5ad8 (base 14) to base 5.
-222220040
-1000110011101000 (base 2) to base 6
-435000
What is 668b (base 15) in base 4?
11103203
What is -265623 (base 8) in base 12?
-45a43
131101123213 (base 4) to base 14
103a6c7
de86 (base 15) to base 14
1327d
100020010002002 (base 3) to base 15
66cc75
-3300012 (base 5) to base 3
-2212011121
Convert -210994 (base 15) to base 2.
-101111111101011010011
What is 112310120323 (base 4) in base 13?
1315900
What is 14aed (base 16) in base 13?
2c739
Convert -1100111000001000010100 (base 2) to base 5.
-1331010021
-28769 (base 12) to base 13
-1c884
Convert 109838 (base 12) to base 10.
265580
Convert -120442333 (base 5) to base 3.
-1001120012220
What is 230011223 (base 4) in base 11?
113750
What is -22112000102 (base 3) in base 13?
-5b427
-12101111110222 (base 3) to base 7
-33225311
What is 418717 (base 16) in base 5?
2044410143
Convert 1111000110110011010 (base 2) to base 4.
1320312122
What is 15233 (base 13) in base 3?
2000202202
Convert -e4066 (base 16) to base 8.
-3440146
What is 59784 (base 11) in base 2?
10101000001101011
What is -1289451 (base 12) in base 4?
-31332330331
What is 652625 (base 9) in base 6?
12201122
Convert 526851 (base 11) to base 9.
1525114
What is -5612235 (base 8) in base 4?
-11301102131
What is 161c921 (base 13) in base 9?
14337455
Convert